r = 45*k - 64. Calculate the greatest common divisor of k and 75.
15
Let o(m) = -5*m**2 + 66*m + 15. Let k be o(13). What is the greatest common factor of 532 and k?
28
Let v = -216 - -235. What is the greatest common divisor of v and 133?
19
Suppose 7 + 13 = 5*b. Let f = b + 14. Let u = 51 + -6. What is the highest common factor of f and u?
9
Suppose 4*z = 5*n - 33, -80*n + 81*n + 3 = -4*z. Calculate the highest common factor of n and 67.
1
Suppose 0*h = 5*h + 175. Suppose -2*q = 4*u - 7*q - 356, 3*q - 240 = -3*u. Let n = h + u. Calculate the greatest common factor of n and 7.
7
Let k = 10 - -18. Let n = -12 - -26. Calculate the highest common divisor of k and n.
14
Let y(r) = r**3 + 5*r**2 + 6*r + 6. Let j be y(-9). Let u be 2/5 + j/(-20). Suppose 14*g = 9*g + 1045. What is the highest common factor of g and u?
19
Let k(m) = -2*m - 28. Let z be k(-17). Suppose 77 = z*q + q. What is the highest common divisor of 33 and q?
11
Let h(n) = -9*n + 227. Let y be h(18). Let k = 8 + -6. Suppose k*v - 65 = -3*v. What is the greatest common factor of y and v?
13
Suppose -2*s + z = -0*s - 29, -s - 4*z = -10. Let h be (-1215)/(-120) + (-1 - s/(-16)). What is the greatest common divisor of h and 4?
2
Suppose 0 = -4*p + 3*j + 134 - 9, 2*p + 2*j - 66 = 0. Let z be (-2)/4 + (-322)/(-4). Calculate the highest common factor of z and p.
16
Suppose 14*r = 11*r + 15. Suppose 168 = 9*z - r*z. Calculate the highest common factor of 42 and z.
42
Suppose 4*x = 4*z + 129 + 143, 4*x - 270 = 5*z. Calculate the greatest common factor of x and 196.
14
Suppose -2*u - 174 = -3*m - 6*u, -4*u = -5*m + 258. What is the greatest common divisor of 270 and m?
54
Let a = -31 - -58. Let u = a - -5. What is the greatest common factor of u and 4?
4
Suppose 2*b - 352 = -3*k, 5*k - 529 = -2*b + 55. Suppose -3*t + 347 = k. Let z be ((-132)/t)/((-2)/28). What is the highest common divisor of z and 36?
12
Let u be 3 - (6 + 0) - -6. Suppose 1432 = l + u*l. Suppose 5*r - l = 182. What is the greatest common divisor of r and 27?
27
Let p be (-1 + -26)/((-36)/24). What is the greatest common factor of p and 102?
6
Suppose 0*g = 5*g - 715. Let k = g + 22. What is the greatest common divisor of k and 15?
15
Let u be (5/(-2) + 2)/((-12)/35664). Suppose 9*x - u = 152. Calculate the greatest common factor of 26 and x.
26
Suppose 3*n - 254 = 1159. Suppose 3*q - 318 - 59 = 4*d, n = 4*q + d. Calculate the greatest common factor of 17 and q.
17
Let x = 558 - 492. What is the highest common divisor of 55 and x?
11
Let m = 143 - 133. What is the highest common factor of m and 80?
10
Let j(k) = k**3 - 7*k**2 + k - 6. Let c be j(8). Calculate the greatest common factor of 18 and c.
6
Let u(o) = -o**3 + 16*o**2 - 30*o + 63. Let v be u(14). Let w = 12 + 16. What is the highest common divisor of v and w?
7
Let q(k) = k**3 + k**2 - k - 42. Let p be q(0). Let s = p + 44. Calculate the highest common divisor of 10 and s.
2
Let t be 60 + (7 - 28/21*3). Calculate the greatest common factor of t and 153.
9
Suppose 16*z = 26*z - 30. Let u(s) = -s**3 + 4*s**2 - s - 4. Let g be u(2). Calculate the greatest common factor of g and z.
1
Let l be (157 - 157) + (-32)/(-2). What is the greatest common divisor of l and 784?
16
Suppose 288*t + 66 = 291*t. What is the highest common factor of t and 1056?
22
Suppose 10*s = -855 + 1175. What is the highest common divisor of 1184 and s?
32
Let t(u) = 16*u - 4*u - 17 + 2*u**2 - 3*u**2. Let g be t(8). Let o be 5/g*-4*-12. Calculate the greatest common divisor of o and 176.
16
Let a = 374 + -346. Calculate the highest common divisor of 140 and a.
28
Let f(r) = -r**3 + 4*r**2 + 3. Suppose -4*d = -15 - 1. Let j be f(d). Suppose q = j*q - 4. What is the greatest common factor of q and 18?
2
Let o(h) = -h**2 - 12*h + 30. Let i be o(-12). What is the highest common divisor of i and 50?
10
Let n be (-5)/20*(2 + -30). Suppose -3*g = -n*g + 20. Suppose g*x - 77 = 198. Calculate the highest common factor of 22 and x.
11
Suppose -9*v + 76 = -14. Calculate the greatest common divisor of v and 100.
10
Let w(x) be the first derivative of 3*x + 2/3*x**3 + 7/2*x**2 + 8. Let i be w(-6). Calculate the highest common divisor of 3 and i.
3
Let f(j) = j**3 - 8*j**2 + 6*j + 7. Let v be f(8). Let z = -137 + 142. Calculate the highest common divisor of v and z.
5
Suppose -5*d + 671 = -109. Calculate the greatest common divisor of d and 48.
12
Let v be ((-6)/9)/(8/(-1020)). Let i = 6 + -4. Suppose 2*n = 3*x + 68, -x - i*x - 34 = -n. Calculate the greatest common factor of n and v.
17
Suppose 0 = 2*s - 7*s + 40. Let t be (-22)/(-132)*(5 - -1). What is the greatest common factor of s and t?
1
Let p = 72 + -48. What is the highest common divisor of 216 and p?
24
Suppose 7 = 3*w - t - 9, 5*w - 32 = 3*t. Calculate the highest common divisor of w and 3.
1
Let c = 23 - 26. Let k be 4 + c + 30/2. What is the greatest common divisor of k and 8?
8
Let f be 4/6*(-36)/24 - -15. What is the greatest common divisor of f and 406?
14
Let c be 39/26*(-1 - 157/(-3)). Calculate the greatest common divisor of 22 and c.
11
Suppose 0 = -3*i + 6 + 9, -3*u + 2*i = 1. Suppose 2*r - 125 = -s, -u*r = r - 3*s - 225. Calculate the greatest common divisor of r and 15.
15
Suppose -2*c + 210 - 74 = 0. Calculate the highest common factor of 187 and c.
17
Let z(t) = 3*t + 50. Let n be z(-17). Let y be n/(-3) + (-220)/(-15). Calculate the highest common factor of y and 60.
15
Suppose 130 = 3*n + 55. Let a = 917 - 485. Let s = 607 - a. Calculate the greatest common divisor of n and s.
25
Suppose -5*w - 22*w + 54 = 0. What is the highest common divisor of w and 11?
1
Let t(s) = s**2 - 11*s + 15. Let b be t(10). Suppose 9*m = 4*m. Suppose m = q - 2 - 0. Calculate the highest common factor of b and q.
1
Let o(i) = i - 2. Let b = -10 + 22. Let x be o(b). Let u be (308/x)/(24/120). What is the greatest common divisor of 22 and u?
22
Let q = -874 + 910. What is the greatest common factor of 684 and q?
36
Let t(q) = 20*q + 68. Let k be t(0). What is the highest common factor of k and 36?
4
Suppose 0 = 126*q - 119*q - 28861. Calculate the highest common factor of 133 and q.
133
Let d be 395/4 - 2/(-8). Let i = -1341 - -1350. Calculate the highest common factor of d and i.
9
Let w(z) = -27*z**3 + z**2 - 1. Let x be w(-1). Let i(f) = -2*f**2 - 6*f + 1. Let r be i(-5). Let h = r + x. Calculate the greatest common divisor of 32 and h.
8
Suppose -3*t + t + 96 = 0. Let h be ((-8)/(-10))/(4/180). Calculate the highest common factor of h and t.
12
Let p be (0 - 0) + 4 + 4. Let h(k) = -k**3 - 9*k**2 - 11*k. Let a be h(-8). What is the highest common factor of p and a?
8
Suppose -4*n + 1408 = 30*n + 10*n. Let d be (8/6)/(2/6). Calculate the highest common divisor of d and n.
4
Let u = 48 + -40. Let f = u - -6. Calculate the greatest common factor of f and 28.
14
Let d be (52 - 56) + (-10)/(-1). What is the greatest common factor of 6 and d?
6
Suppose 2*p - 28 = -2*j, -18*p + 28 = 2*j - 14*p. What is the highest common factor of j and 749?
7
Let r(v) = -51*v - 6. Let c be r(-2). Suppose -c = -4*k + 1128. Suppose 2 = 4*h - k. What is the highest common divisor of h and 7?
7
Suppose -5*p = 4*u - 390, 2*p - 16 = -5*u + 140. Calculate the highest common factor of 507 and p.
39
Let j be (-15)/5*(-17 - -2). Let p(h) = -4*h - 6. Let y be p(-9). Calculate the highest common divisor of j and y.
15
Let r(x) = 4*x**3 - 5*x**2 - 3*x - 4. Let k be r(4). Let a(u) = u**3 + 14*u**2 + 29*u + 422. Let o be a(-14). Calculate the highest common divisor of k and o.
16
Let g(i) be the first derivative of 10*i**3/3 + i**2/2 - 2. Let k be g(-1). Suppose -4*j = -77 + k. What is the greatest common divisor of j and 51?
17
Suppose -4*t - 4*v = -773 - 655, 0 = -4*t + 5*v + 1419. Let y be 3 - t/(4 - 8). Let i = -34 + 57. Calculate the highest common factor of y and i.
23
Let g = -69 + 74. Let c(q) = q. Let u be c(4). Suppose u*m - 5*l = 275, -22 - 153 = -2*m - g*l. Calculate the highest common divisor of 30 and m.
15
Let y(o) = 4*o**3 - 11*o**2 - 15*o - 8. Let g be y(7). What is the greatest common divisor of 15 and g?
15
Let f = -622 + 831. What is the highest common divisor of f and 143?
11
Let l = 1501 + -1341. Calculate the greatest common factor of l and 100.
20
Suppose 4*z - 3